{"id":2095,"date":"2020-11-17T09:13:45","date_gmt":"2020-11-17T08:13:45","guid":{"rendered":"http:\/\/baumgartner.hr\/suzuki\/?page_id=2095"},"modified":"2024-10-29T19:46:15","modified_gmt":"2024-10-29T18:46:15","slug":"o-nama","status":"publish","type":"page","link":"https:\/\/baumgartner.hr\/suzuki\/o-nama\/","title":{"rendered":"O nama"},"content":{"rendered":"<p>[et_pb_section fb_built=&#8221;1&#8243; _builder_version=&#8221;4.16&#8243; _module_preset=&#8221;default&#8221; background_color=&#8221;#FFFFFF&#8221; custom_margin=&#8221;-11px|||||&#8221; custom_padding=&#8221;0px||0px|2px||&#8221; global_colors_info=&#8221;{}&#8221;][et_pb_row _builder_version=&#8221;4.27.2&#8243; _module_preset=&#8221;default&#8221; background_color=&#8221;#FFFFFF&#8221; width=&#8221;87.4%&#8221; min_height=&#8221;377.1px&#8221; custom_margin=&#8221;50px|auto|50px|auto|false|false&#8221; custom_padding=&#8221;37px|0px|6px|0px||&#8221; hover_enabled=&#8221;0&#8243; global_colors_info=&#8221;{}&#8221; sticky_enabled=&#8221;0&#8243;][et_pb_column type=&#8221;4_4&#8243; _builder_version=&#8221;4.16&#8243; _module_preset=&#8221;default&#8221; global_colors_info=&#8221;{}&#8221;][et_pb_text _builder_version=&#8221;4.24.1&#8243; _module_preset=&#8221;default&#8221; global_colors_info=&#8221;{}&#8221;]<\/p>\n<h2>AC Baumgartner &#8211; 42 godina tradicije i kvalitete<\/h2>\n<p>Auto centar Baumgartner d.o.o. je tvrtka obitelji Baumgartner. Korijeni joj se\u017eu u 1982. kada je otvoren obrt za servis vozila. Ovla\u0161teni prodajno servisni BMW centar postaje 1994. godine. 1999. godine selimo se u novi objekt u \u010cakovcu, veli\u010dine1140 m2 s 600 m2 servisnog prostora te 300 m2 prodajnog salona.<\/p>\n<p>Kroz cijelo vrijeme se konstantno ula\u017ee u obrazovanje i \u0161kolovanje zaposlenika, te u obnavljanje i modernizaciju opreme. Zbog pove\u0107anja obima poslova kao i zahtjeva za pro\u0161irenjem vrsta usluga, 2014.g zapo\u010dinje i zavr\u0161ava pro\u0161irenje servisa za dodatnih 300m2. Istovremeno se nabavlja najsuvremenija dijagnosti\u010dka i servisna oprema po najvi\u0161im standardima BMW AG-a.<\/p>\n<p>Ovla\u0161teni smo BMW servis s originalnim BMW dijelovima te Suzuki prodajno mjesto i ovla\u0161teni servis.<\/p>\n<p>Regionalno smo poznati po izvrsnoj usluzi, profesionalnosti, kompetentnosti, kvalitete izvedbe servisa i popravaka te visokim standardima i pra\u0107enju najnovijih trendova u autoindustriji.<\/p>\n<p>U potpunosti smo usmjereni na prodaju Suzuki hybrid i mild hybrid vozila.<\/p>\n<p>Na\u0161i saloni nalaze se u \u010cakovcu na adresi Bra\u0107e Graner 2 i u Vara\u017edinu na adresi F. Supila 7b.<\/p>\n<p>[\/et_pb_text][\/et_pb_column][\/et_pb_row][\/et_pb_section][et_pb_section fb_built=&#8221;1&#8243; fullwidth=&#8221;on&#8221; _builder_version=&#8221;4.27.2&#8243; _module_preset=&#8221;default&#8221; custom_margin=&#8221;||||false|false&#8221; custom_padding=&#8221;19px|||||&#8221; hover_enabled=&#8221;0&#8243; global_colors_info=&#8221;{}&#8221; sticky_enabled=&#8221;0&#8243;][et_pb_fullwidth_image src=&#8221;https:\/\/baumgartner.hr\/suzuki\/wp-content\/uploads\/2024\/08\/ACBaumgartner-Dron-1-scaled.jpg&#8221; title_text=&#8221;ACBaumgartner-Dron-1&#8243; _builder_version=&#8221;4.21.0&#8243; _module_preset=&#8221;default&#8221; width=&#8221;100%&#8221; custom_margin=&#8221;||-9px|||&#8221; custom_padding=&#8221;0px|5px|0px|||&#8221; global_colors_info=&#8221;{}&#8221;][\/et_pb_fullwidth_image][\/et_pb_section]<\/p>\n","protected":false},"excerpt":{"rendered":"<p>Ovla\u0161teni smo BMW servis s originalnim BMW dijelovima te Suzuki prodajno mjesto i ovla\u0161teni servis.<\/p>\n","protected":false},"author":1,"featured_media":6006,"parent":0,"menu_order":0,"comment_status":"closed","ping_status":"closed","template":"","meta":{"_acf_changed":false,"_et_pb_use_builder":"on","_et_pb_old_content":"","_et_gb_content_width":"","footnotes":""},"class_list":["post-2095","page","type-page","status-publish","has-post-thumbnail","hentry"],"acf":[],"_links":{"self":[{"href":"https:\/\/baumgartner.hr\/suzuki\/wp-json\/wp\/v2\/pages\/2095"}],"collection":[{"href":"https:\/\/baumgartner.hr\/suzuki\/wp-json\/wp\/v2\/pages"}],"about":[{"href":"https:\/\/baumgartner.hr\/suzuki\/wp-json\/wp\/v2\/types\/page"}],"author":[{"embeddable":true,"href":"https:\/\/baumgartner.hr\/suzuki\/wp-json\/wp\/v2\/users\/1"}],"replies":[{"embeddable":true,"href":"https:\/\/baumgartner.hr\/suzuki\/wp-json\/wp\/v2\/comments?post=2095"}],"version-history":[{"count":39,"href":"https:\/\/baumgartner.hr\/suzuki\/wp-json\/wp\/v2\/pages\/2095\/revisions"}],"predecessor-version":[{"id":8206,"href":"https:\/\/baumgartner.hr\/suzuki\/wp-json\/wp\/v2\/pages\/2095\/revisions\/8206"}],"wp:featuredmedia":[{"embeddable":true,"href":"https:\/\/baumgartner.hr\/suzuki\/wp-json\/wp\/v2\/media\/6006"}],"wp:attachment":[{"href":"https:\/\/baumgartner.hr\/suzuki\/wp-json\/wp\/v2\/media?parent=2095"}],"curies":[{"name":"wp","href":"https:\/\/api.w.org\/{rel}","templated":true}]}}

<p>[et_pb_section fb_built=&#8221;1&#8243; _builder_version=&#8221;4.16&#8243; _module_preset=&#8221;default&#8221; background_color=&#8221;#FFFFFF&#8221; custom_margin=&#8221;-11px|||||&#8221; custom_padding=&#8221;0px||0px|2px||&#8221; global_colors_info=&#8221;{}&#8221;][et_pb_row _builder_version=&#8221;4.27.2&#8243; _module_preset=&#8221;default&#8221; background_color=&#8221;#FFFFFF&#8221; width=&#8221;87.4%&#8221; min_height=&#8221;377.1px&#8221; custom_margin=&#8221;50px|auto|50px|auto|false|false&#8221; custom_padding=&#8221;37px|0px|6px|0px||&#8221; hover_enabled=&#8221;0&#8243; global_colors_info=&#8221;{}&#8221; sticky_enabled=&#8221;0&#8243;][et_pb_column type=&#8221;4_4&#8243; _builder_version=&#8221;4.16&#8243; _module_preset=&#8221;default&#8221; global_colors_info=&#8221;{}&#8221;][et_pb_text _builder_version=&#8221;4.24.1&#8243; _module_preset=&#8221;default&#8221; global_colors_info=&#8221;{}&#8221;]</p>
<h2>AC Baumgartner &#8211; 42 godina tradicije i kvalitete</h2>
<p>Auto centar Baumgartner d.o.o. je tvrtka obitelji Baumgartner. Korijeni joj sežu u 1982. kada je otvoren obrt za servis vozila. Ovlašteni prodajno servisni BMW centar postaje 1994. godine. 1999. godine selimo se u novi objekt u Čakovcu, veličine1140 m2 s 600 m2 servisnog prostora te 300 m2 prodajnog salona.</p>
<p>Kroz cijelo vrijeme se konstantno ulaže u obrazovanje i školovanje zaposlenika, te u obnavljanje i modernizaciju opreme. Zbog povećanja obima poslova kao i zahtjeva za proširenjem vrsta usluga, 2014.g započinje i završava proširenje servisa za dodatnih 300m2. Istovremeno se nabavlja najsuvremenija dijagnostička i servisna oprema po najvišim standardima BMW AG-a.</p>
<p>Ovlašteni smo BMW servis s originalnim BMW dijelovima te Suzuki prodajno mjesto i ovlašteni servis.</p>
<p>Regionalno smo poznati po izvrsnoj usluzi, profesionalnosti, kompetentnosti, kvalitete izvedbe servisa i popravaka te visokim standardima i praćenju najnovijih trendova u autoindustriji.</p>
<p>U potpunosti smo usmjereni na prodaju Suzuki hybrid i mild hybrid vozila.</p>
<p>Naši saloni nalaze se u Čakovcu na adresi Braće Graner 2 i u Varaždinu na adresi F. Supila 7b.</p>
<p>[/et_pb_text][/et_pb_column][/et_pb_row][/et_pb_section][et_pb_section fb_built=&#8221;1&#8243; fullwidth=&#8221;on&#8221; _builder_version=&#8221;4.27.2&#8243; _module_preset=&#8221;default&#8221; custom_margin=&#8221;||||false|false&#8221; custom_padding=&#8221;19px|||||&#8221; hover_enabled=&#8221;0&#8243; global_colors_info=&#8221;{}&#8221; sticky_enabled=&#8221;0&#8243;][et_pb_fullwidth_image src=&#8221;https://baumgartner.hr/suzuki/wp-content/uploads/2024/08/ACBaumgartner-Dron-1-scaled.jpg&#8221; title_text=&#8221;ACBaumgartner-Dron-1&#8243; _builder_version=&#8221;4.21.0&#8243; _module_preset=&#8221;default&#8221; width=&#8221;100%&#8221; custom_margin=&#8221;||-9px|||&#8221; custom_padding=&#8221;0px|5px|0px|||&#8221; global_colors_info=&#8221;{}&#8221;][/et_pb_fullwidth_image][/et_pb_section]</p>

<p>Ovlašteni smo BMW servis s originalnim BMW dijelovima te Suzuki prodajno mjesto i ovlašteni servis.</p>
