{"id":2087,"date":"2020-11-15T11:09:52","date_gmt":"2020-11-15T10:09:52","guid":{"rendered":"http:\/\/baumgartner.hr\/suzuki\/?page_id=2087"},"modified":"2024-08-29T10:23:36","modified_gmt":"2024-08-29T08:23:36","slug":"kontakt","status":"publish","type":"page","link":"https:\/\/baumgartner.hr\/suzuki\/kontakt\/","title":{"rendered":"Kontakt"},"content":{"rendered":"<p>[et_pb_section fb_built=&#8221;1&#8243; _builder_version=&#8221;4.16&#8243; _module_preset=&#8221;default&#8221; global_colors_info=&#8221;{}&#8221;][et_pb_row _builder_version=&#8221;4.21.0&#8243; _module_preset=&#8221;default&#8221; global_colors_info=&#8221;{}&#8221;][et_pb_column type=&#8221;4_4&#8243; _builder_version=&#8221;4.21.0&#8243; _module_preset=&#8221;default&#8221; global_colors_info=&#8221;{}&#8221;][et_pb_image src=&#8221;https:\/\/baumgartner.hr\/suzuki\/wp-content\/uploads\/2024\/08\/SUZUKI-ACB-desk-var.gif&#8221; title_text=&#8221;SUZUKI-ACB-desk-var&#8221; _builder_version=&#8221;4.21.0&#8243; _module_preset=&#8221;default&#8221; custom_margin=&#8221;-80px|||||&#8221; hover_enabled=&#8221;0&#8243; global_colors_info=&#8221;{}&#8221; sticky_enabled=&#8221;0&#8243;][\/et_pb_image][\/et_pb_column][\/et_pb_row][et_pb_row column_structure=&#8221;3_5,2_5&#8243; _builder_version=&#8221;4.21.0&#8243; _module_preset=&#8221;default&#8221; min_height=&#8221;458.5px&#8221; border_radii=&#8221;on|8px|8px|8px|8px&#8221; global_colors_info=&#8221;{}&#8221;][et_pb_column type=&#8221;3_5&#8243; _builder_version=&#8221;4.16&#8243; _module_preset=&#8221;default&#8221; global_colors_info=&#8221;{}&#8221;][et_pb_image src=&#8221;https:\/\/baumgartner.hr\/suzuki\/wp-content\/uploads\/2024\/06\/Radno-vrijeme.jpg&#8221; title_text=&#8221;Radno-vrijeme&#8221; _builder_version=&#8221;4.21.0&#8243; _module_preset=&#8221;default&#8221; min_height=&#8221;358.1px&#8221; custom_padding=&#8221;|1px|0px|||&#8221; global_colors_info=&#8221;{}&#8221;][\/et_pb_image][\/et_pb_column][et_pb_column type=&#8221;2_5&#8243; _builder_version=&#8221;4.16&#8243; _module_preset=&#8221;default&#8221; global_colors_info=&#8221;{}&#8221;][et_pb_text _builder_version=&#8221;4.21.0&#8243; _module_preset=&#8221;default&#8221; text_font_size=&#8221;17px&#8221; text_line_height=&#8221;1.8em&#8221; min_height=&#8221;341.6px&#8221; global_colors_info=&#8221;{}&#8221;]<\/p>\n<h2>Poslovnica \u010cakovec<\/h2>\n<p>Bra\u0107e Graner 2, 40000 \u010cakovec<br \/>Tel: 040 328 007<\/p>\n<h4><span style=\"color: #000000;\">PRODAJA<\/span>:<\/h4>\n<p><span style=\"color: #000000;\"><strong>RADNO VRIJEME <\/strong>: <strong>9.00h-17.00, sub: 8.00h &#8211; 12.00h<\/strong><\/span><\/p>\n<p><a href=\"mailto:prodaja@ac-baumgartner.hr\">prodaja@ac-baumgartner.hr ; <\/a><\/p>\n<p><a href=\"mailto:zkocijan@baumgartner.hr\">zkocijan@ac-baumgartner.hr<\/a><\/p>\n<p><span style=\"color: #000000;\"><strong>SERVIS : <\/strong>Tel: 040 328 903<\/span><\/p>\n<p><span style=\"color: #000000;\"><strong>RADNO VRIJEME : 07.30h-15.30h, Sub:7.30h- 12.00h<\/strong><\/span><\/p>\n<p><a href=\"mailto:vedran.panic@ac-baumgartner.hr\" target=\"_blank\" rel=\"nofollow noopener\"><i aria-hidden=\"true\" class=\"icon icon-contact\"><\/i>vedran.panic@ac-baumgartner.hr; <\/a><\/p>\n<p><a href=\"mailto:mario.novinic@ac-baumgartner.hr\">mario.novinic@ac-baumgartner.hr<\/a><\/p>\n<div class=\"elementor-element elementor-element-4bf39ac elementor-widget elementor-widget-elementskit-header-info\" data-id=\"4bf39ac\" data-element_type=\"widget\" data-widget_type=\"elementskit-header-info.default\">\n<div class=\"elementor-widget-container\">\n<div class=\"ekit-wid-con\">\n<ul class=\"ekit-header-info\"><\/ul>\n<\/div>\n<\/div>\n<\/div>\n<p>[\/et_pb_text][\/et_pb_column][\/et_pb_row][et_pb_row column_structure=&#8221;3_5,2_5&#8243; _builder_version=&#8221;4.16&#8243; _module_preset=&#8221;default&#8221; custom_padding=&#8221;12px|||||&#8221; global_colors_info=&#8221;{}&#8221;][et_pb_column type=&#8221;3_5&#8243; _builder_version=&#8221;4.16&#8243; _module_preset=&#8221;default&#8221; global_colors_info=&#8221;{}&#8221;][et_pb_image src=&#8221;https:\/\/baumgartner.hr\/suzuki\/wp-content\/uploads\/2024\/07\/Salon-Supilova-7-Varazdin-2-scaled.jpg&#8221; title_text=&#8221;Salon Supilova 7 &#8211; Vara\u017edin&#8221; _builder_version=&#8221;4.21.0&#8243; _module_preset=&#8221;default&#8221; min_height=&#8221;347.9px&#8221; custom_margin=&#8221;||27px|||&#8221; custom_padding=&#8221;34px||34px||true|&#8221; global_colors_info=&#8221;{}&#8221;][\/et_pb_image][\/et_pb_column][et_pb_column type=&#8221;2_5&#8243; _builder_version=&#8221;4.16&#8243; _module_preset=&#8221;default&#8221; global_colors_info=&#8221;{}&#8221;][et_pb_text _builder_version=&#8221;4.21.0&#8243; _module_preset=&#8221;default&#8221; text_font_size=&#8221;17px&#8221; text_line_height=&#8221;1.8em&#8221; min_height=&#8221;377.6px&#8221; custom_margin=&#8221;||40px|||&#8221; custom_padding=&#8221;40px|||||&#8221; global_colors_info=&#8221;{}&#8221;]<\/p>\n<h2>Poslovnica Vara\u017edin<\/h2>\n<p><span>F.Supila 7\/b<\/span>, 42000 Vara\u017edin<br \/>Tel: 042 421 091<\/p>\n<h4>RADNO VRIJEME:<\/h4>\n<p>Pon &#8211; Pet: 09:00 &#8211; 17:00<br \/>Sub: 09:00 &#8211; 13:00<\/p>\n<h4>PRODAJA<\/h4>\n<p><a href=\"mailto:robert.luksa@ac-baumgartner.hr\">robert.luksa@ac-baumgartner.hr<\/a><\/p>\n<p><a href=\"mailto:damir.krklec@ac-baumgartner.hr\">damir.krklec@ac-baumgartner.hr<\/a><\/p>\n<p>[\/et_pb_text][\/et_pb_column][\/et_pb_row][\/et_pb_section]<\/p>\n","protected":false},"excerpt":{"rendered":"<p>Poslovnica \u010cakovec Bra\u0107e Graner 2, 40000 \u010cakovecTel: 040 328 007 PRODAJA: RADNO VRIJEME : 9.00h-17.00, sub: 8.00h &#8211; 12.00h prodaja@ac-baumgartner.hr ; zkocijan@ac-baumgartner.hr SERVIS : Tel: 040 328 903 RADNO VRIJEME : 07.30h-15.30h, Sub:7.30h- 12.00h vedran.panic@ac-baumgartner.hr; mario.novinic@ac-baumgartner.hr Poslovnica Vara\u017edin F.Supila 7\/b, 42000 Vara\u017edinTel: 042 421 091 RADNO VRIJEME: Pon &#8211; Pet: 09:00 &#8211; 17:00Sub: 09:00 &#8211; [&hellip;]<\/p>\n","protected":false},"author":1,"featured_media":0,"parent":0,"menu_order":0,"comment_status":"closed","ping_status":"closed","template":"","meta":{"_acf_changed":false,"_et_pb_use_builder":"on","_et_pb_old_content":"","_et_gb_content_width":"","footnotes":""},"class_list":["post-2087","page","type-page","status-publish","hentry"],"acf":[],"_links":{"self":[{"href":"https:\/\/baumgartner.hr\/suzuki\/wp-json\/wp\/v2\/pages\/2087"}],"collection":[{"href":"https:\/\/baumgartner.hr\/suzuki\/wp-json\/wp\/v2\/pages"}],"about":[{"href":"https:\/\/baumgartner.hr\/suzuki\/wp-json\/wp\/v2\/types\/page"}],"author":[{"embeddable":true,"href":"https:\/\/baumgartner.hr\/suzuki\/wp-json\/wp\/v2\/users\/1"}],"replies":[{"embeddable":true,"href":"https:\/\/baumgartner.hr\/suzuki\/wp-json\/wp\/v2\/comments?post=2087"}],"version-history":[{"count":31,"href":"https:\/\/baumgartner.hr\/suzuki\/wp-json\/wp\/v2\/pages\/2087\/revisions"}],"predecessor-version":[{"id":8098,"href":"https:\/\/baumgartner.hr\/suzuki\/wp-json\/wp\/v2\/pages\/2087\/revisions\/8098"}],"wp:attachment":[{"href":"https:\/\/baumgartner.hr\/suzuki\/wp-json\/wp\/v2\/media?parent=2087"}],"curies":[{"name":"wp","href":"https:\/\/api.w.org\/{rel}","templated":true}]}}

<p>[et_pb_section fb_built=&#8221;1&#8243; _builder_version=&#8221;4.16&#8243; _module_preset=&#8221;default&#8221; global_colors_info=&#8221;{}&#8221;][et_pb_row _builder_version=&#8221;4.21.0&#8243; _module_preset=&#8221;default&#8221; global_colors_info=&#8221;{}&#8221;][et_pb_column type=&#8221;4_4&#8243; _builder_version=&#8221;4.21.0&#8243; _module_preset=&#8221;default&#8221; global_colors_info=&#8221;{}&#8221;][et_pb_image src=&#8221;https://baumgartner.hr/suzuki/wp-content/uploads/2024/08/SUZUKI-ACB-desk-var.gif&#8221; title_text=&#8221;SUZUKI-ACB-desk-var&#8221; _builder_version=&#8221;4.21.0&#8243; _module_preset=&#8221;default&#8221; custom_margin=&#8221;-80px|||||&#8221; hover_enabled=&#8221;0&#8243; global_colors_info=&#8221;{}&#8221; sticky_enabled=&#8221;0&#8243;][/et_pb_image][/et_pb_column][/et_pb_row][et_pb_row column_structure=&#8221;3_5,2_5&#8243; _builder_version=&#8221;4.21.0&#8243; _module_preset=&#8221;default&#8221; min_height=&#8221;458.5px&#8221; border_radii=&#8221;on|8px|8px|8px|8px&#8221; global_colors_info=&#8221;{}&#8221;][et_pb_column type=&#8221;3_5&#8243; _builder_version=&#8221;4.16&#8243; _module_preset=&#8221;default&#8221; global_colors_info=&#8221;{}&#8221;][et_pb_image src=&#8221;https://baumgartner.hr/suzuki/wp-content/uploads/2024/06/Radno-vrijeme.jpg&#8221; title_text=&#8221;Radno-vrijeme&#8221; _builder_version=&#8221;4.21.0&#8243; _module_preset=&#8221;default&#8221; min_height=&#8221;358.1px&#8221; custom_padding=&#8221;|1px|0px|||&#8221; global_colors_info=&#8221;{}&#8221;][/et_pb_image][/et_pb_column][et_pb_column type=&#8221;2_5&#8243; _builder_version=&#8221;4.16&#8243; _module_preset=&#8221;default&#8221; global_colors_info=&#8221;{}&#8221;][et_pb_text _builder_version=&#8221;4.21.0&#8243; _module_preset=&#8221;default&#8221; text_font_size=&#8221;17px&#8221; text_line_height=&#8221;1.8em&#8221; min_height=&#8221;341.6px&#8221; global_colors_info=&#8221;{}&#8221;]</p>
<h2>Poslovnica Čakovec</h2>
<p>Braće Graner 2, 40000 Čakovec<br />Tel: 040 328 007</p>
<h4><span style="color: #000000;">PRODAJA</span>:</h4>
<p><span style="color: #000000;"><strong>RADNO VRIJEME </strong>: <strong>9.00h-17.00, sub: 8.00h &#8211; 12.00h</strong></span></p>
<p><a href="mailto:prodaja@ac-baumgartner.hr">prodaja@ac-baumgartner.hr ; </a></p>
<p><a href="mailto:zkocijan@baumgartner.hr">zkocijan@ac-baumgartner.hr</a></p>
<p><span style="color: #000000;"><strong>SERVIS : </strong>Tel: 040 328 903</span></p>
<p><span style="color: #000000;"><strong>RADNO VRIJEME : 07.30h-15.30h, Sub:7.30h- 12.00h</strong></span></p>
<p><a href="mailto:vedran.panic@ac-baumgartner.hr" target="_blank" rel="nofollow noopener"><i aria-hidden="true" class="icon icon-contact"></i>vedran.panic@ac-baumgartner.hr; </a></p>
<p><a href="mailto:mario.novinic@ac-baumgartner.hr">mario.novinic@ac-baumgartner.hr</a></p>
<div class="elementor-element elementor-element-4bf39ac elementor-widget elementor-widget-elementskit-header-info" data-id="4bf39ac" data-element_type="widget" data-widget_type="elementskit-header-info.default">
<div class="elementor-widget-container">
<div class="ekit-wid-con">
<ul class="ekit-header-info"></ul>
</div>
</div>
</div>
<p>[/et_pb_text][/et_pb_column][/et_pb_row][et_pb_row column_structure=&#8221;3_5,2_5&#8243; _builder_version=&#8221;4.16&#8243; _module_preset=&#8221;default&#8221; custom_padding=&#8221;12px|||||&#8221; global_colors_info=&#8221;{}&#8221;][et_pb_column type=&#8221;3_5&#8243; _builder_version=&#8221;4.16&#8243; _module_preset=&#8221;default&#8221; global_colors_info=&#8221;{}&#8221;][et_pb_image src=&#8221;https://baumgartner.hr/suzuki/wp-content/uploads/2024/07/Salon-Supilova-7-Varazdin-2-scaled.jpg&#8221; title_text=&#8221;Salon Supilova 7 &#8211; Varaždin&#8221; _builder_version=&#8221;4.21.0&#8243; _module_preset=&#8221;default&#8221; min_height=&#8221;347.9px&#8221; custom_margin=&#8221;||27px|||&#8221; custom_padding=&#8221;34px||34px||true|&#8221; global_colors_info=&#8221;{}&#8221;][/et_pb_image][/et_pb_column][et_pb_column type=&#8221;2_5&#8243; _builder_version=&#8221;4.16&#8243; _module_preset=&#8221;default&#8221; global_colors_info=&#8221;{}&#8221;][et_pb_text _builder_version=&#8221;4.21.0&#8243; _module_preset=&#8221;default&#8221; text_font_size=&#8221;17px&#8221; text_line_height=&#8221;1.8em&#8221; min_height=&#8221;377.6px&#8221; custom_margin=&#8221;||40px|||&#8221; custom_padding=&#8221;40px|||||&#8221; global_colors_info=&#8221;{}&#8221;]</p>
<h2>Poslovnica Varaždin</h2>
<p><span>F.Supila 7/b</span>, 42000 Varaždin<br />Tel: 042 421 091</p>
<h4>RADNO VRIJEME:</h4>
<p>Pon &#8211; Pet: 09:00 &#8211; 17:00<br />Sub: 09:00 &#8211; 13:00</p>
<h4>PRODAJA</h4>
<p><a href="mailto:robert.luksa@ac-baumgartner.hr">robert.luksa@ac-baumgartner.hr</a></p>
<p><a href="mailto:damir.krklec@ac-baumgartner.hr">damir.krklec@ac-baumgartner.hr</a></p>
<p>[/et_pb_text][/et_pb_column][/et_pb_row][/et_pb_section]</p>

<p>Poslovnica Čakovec Braće Graner 2, 40000 ČakovecTel: 040 328 007 PRODAJA: RADNO VRIJEME : 9.00h-17.00, sub: 8.00h &#8211; 12.00h prodaja@ac-baumgartner.hr ; zkocijan@ac-baumgartner.hr SERVIS : Tel: 040 328 903 RADNO VRIJEME : 07.30h-15.30h, Sub:7.30h- 12.00h vedran.panic@ac-baumgartner.hr; mario.novinic@ac-baumgartner.hr Poslovnica Varaždin F.Supila 7/b, 42000 VaraždinTel: 042 421 091 RADNO VRIJEME: Pon &#8211; Pet: 09:00 &#8211; 17:00Sub: 09:00 &#8211; [&hellip;]</p>
